{"id":35,"date":"2022-03-19T20:52:18","date_gmt":"2022-03-19T19:52:18","guid":{"rendered":"https:\/\/qr-menu.dk\/test-menu\/forside\/"},"modified":"2025-01-22T14:03:03","modified_gmt":"2025-01-22T13:03:03","slug":"forside","status":"publish","type":"page","link":"https:\/\/qr-menu.dk\/demo-menu\/","title":{"rendered":"Forside"},"content":{"rendered":"\t\t<div data-elementor-type=\"wp-page\" data-elementor-id=\"35\" class=\"elementor elementor-35\" data-elementor-post-type=\"page\">\n\t\t\t\t\t\t<section class=\"elementor-section elementor-top-section elementor-element elementor-element-764a32f8 elementor-section-height-min-height elementor-section-items-top elementor-section-boxed elementor-section-height-default\" data-id=\"764a32f8\" data-element_type=\"section\" data-e-type=\"section\">\n\t\t\t\t\t\t\t<div class=\"elementor-background-overlay\"><\/div>\n\t\t\t\t\t\t\t<div class=\"elementor-container elementor-column-gap-default\">\n\t\t\t\t\t<div class=\"elementor-column elementor-col-100 elementor-top-column elementor-element elementor-element-126e037d\" data-id=\"126e037d\" data-element_type=\"column\" data-e-type=\"column\">\n\t\t\t<div class=\"elementor-widget-wrap elementor-element-populated\">\n\t\t\t\t\t\t<div class=\"elementor-element elementor-element-793eecc elementor-widget__width-initial elementor-widget elementor-widget-image\" data-id=\"793eecc\" data-element_type=\"widget\" data-e-type=\"widget\" data-widget_type=\"image.default\">\n\t\t\t\t<div class=\"elementor-widget-container\">\n\t\t\t\t\t\t\t\t\t\t\t\t\t\t\t<img fetchpriority=\"high\" decoding=\"async\" width=\"500\" height=\"500\" src=\"https:\/\/qr-menu.dk\/demo-menu\/wp-content\/uploads\/sites\/3\/2024\/11\/qr-menu-demo-restaurant-logo.webp\" class=\"attachment-large size-large wp-image-740\" alt=\"\" srcset=\"https:\/\/qr-menu.dk\/demo-menu\/wp-content\/uploads\/sites\/3\/2024\/11\/qr-menu-demo-restaurant-logo.webp 500w, https:\/\/qr-menu.dk\/demo-menu\/wp-content\/uploads\/sites\/3\/2024\/11\/qr-menu-demo-restaurant-logo-300x300.webp 300w, https:\/\/qr-menu.dk\/demo-menu\/wp-content\/uploads\/sites\/3\/2024\/11\/qr-menu-demo-restaurant-logo-150x150.webp 150w\" sizes=\"(max-width: 500px) 100vw, 500px\" \/>\t\t\t\t\t\t\t\t\t\t\t\t\t\t\t<\/div>\n\t\t\t\t<\/div>\n\t\t\t\t<div class=\"elementor-element elementor-element-b14e830 elementor-align-justify elementor-widget elementor-widget-button\" data-id=\"b14e830\" data-element_type=\"widget\" data-e-type=\"widget\" data-widget_type=\"button.default\">\n\t\t\t\t<div class=\"elementor-widget-container\">\n\t\t\t\t\t\t\t\t\t<div class=\"elementor-button-wrapper\">\n\t\t\t\t\t<a class=\"elementor-button elementor-button-link elementor-size-sm\" href=\"https:\/\/qr-menu.dk\/demo-menu\/demo-restaurant-menukort\/\">\n\t\t\t\t\t\t<span class=\"elementor-button-content-wrapper\">\n\t\t\t\t\t\t\t\t\t<span class=\"elementor-button-text\">Menukort<\/span>\n\t\t\t\t\t<\/span>\n\t\t\t\t\t<\/a>\n\t\t\t\t<\/div>\n\t\t\t\t\t\t\t\t<\/div>\n\t\t\t\t<\/div>\n\t\t\t\t<div class=\"elementor-element elementor-element-03892c3 elementor-align-justify elementor-widget elementor-widget-button\" data-id=\"03892c3\" data-element_type=\"widget\" data-e-type=\"widget\" data-widget_type=\"button.default\">\n\t\t\t\t<div class=\"elementor-widget-container\">\n\t\t\t\t\t\t\t\t\t<div class=\"elementor-button-wrapper\">\n\t\t\t\t\t<a class=\"elementor-button elementor-button-link elementor-size-sm\" href=\"http:\/\/facebook.com\" target=\"_blank\">\n\t\t\t\t\t\t<span class=\"elementor-button-content-wrapper\">\n\t\t\t\t\t\t<span class=\"elementor-button-icon\">\n\t\t\t\t<i aria-hidden=\"true\" class=\"fab fa-facebook\"><\/i>\t\t\t<\/span>\n\t\t\t\t\t\t\t\t\t<span class=\"elementor-button-text\">F\u00f8lg os p\u00e5 facebook<\/span>\n\t\t\t\t\t<\/span>\n\t\t\t\t\t<\/a>\n\t\t\t\t<\/div>\n\t\t\t\t\t\t\t\t<\/div>\n\t\t\t\t<\/div>\n\t\t\t\t<div class=\"elementor-element elementor-element-0a95ed4 elementor-align-justify elementor-widget elementor-widget-button\" data-id=\"0a95ed4\" data-element_type=\"widget\" data-e-type=\"widget\" data-widget_type=\"button.default\">\n\t\t\t\t<div class=\"elementor-widget-container\">\n\t\t\t\t\t\t\t\t\t<div class=\"elementor-button-wrapper\">\n\t\t\t\t\t<a class=\"elementor-button elementor-button-link elementor-size-sm\" href=\"http:\/\/instagram.com\" target=\"_blank\">\n\t\t\t\t\t\t<span class=\"elementor-button-content-wrapper\">\n\t\t\t\t\t\t<span class=\"elementor-button-icon\">\n\t\t\t\t<i aria-hidden=\"true\" class=\"fab fa-instagram\"><\/i>\t\t\t<\/span>\n\t\t\t\t\t\t\t\t\t<span class=\"elementor-button-text\">F\u00f8lg os p\u00e5 Instagram<\/span>\n\t\t\t\t\t<\/span>\n\t\t\t\t\t<\/a>\n\t\t\t\t<\/div>\n\t\t\t\t\t\t\t\t<\/div>\n\t\t\t\t<\/div>\n\t\t\t\t<div class=\"elementor-element elementor-element-9fef092 elementor-align-justify elementor-widget elementor-widget-button\" data-id=\"9fef092\" data-element_type=\"widget\" data-e-type=\"widget\" data-widget_type=\"button.default\">\n\t\t\t\t<div class=\"elementor-widget-container\">\n\t\t\t\t\t\t\t\t\t<div class=\"elementor-button-wrapper\">\n\t\t\t\t\t<a class=\"elementor-button elementor-button-link elementor-size-sm\" href=\"http:\/\/google.com\" target=\"_blank\">\n\t\t\t\t\t\t<span class=\"elementor-button-content-wrapper\">\n\t\t\t\t\t\t<span class=\"elementor-button-icon\">\n\t\t\t\t<i aria-hidden=\"true\" class=\"fab fa-google\"><\/i>\t\t\t<\/span>\n\t\t\t\t\t\t\t\t\t<span class=\"elementor-button-text\">Del din mening<\/span>\n\t\t\t\t\t<\/span>\n\t\t\t\t\t<\/a>\n\t\t\t\t<\/div>\n\t\t\t\t\t\t\t\t<\/div>\n\t\t\t\t<\/div>\n\t\t\t\t<div class=\"elementor-element elementor-element-e26aaae elementor-align-justify elementor-widget elementor-widget-button\" data-id=\"e26aaae\" data-element_type=\"widget\" data-e-type=\"widget\" data-widget_type=\"button.default\">\n\t\t\t\t<div class=\"elementor-widget-container\">\n\t\t\t\t\t\t\t\t\t<div class=\"elementor-button-wrapper\">\n\t\t\t\t\t<a class=\"elementor-button elementor-button-link elementor-size-sm\" href=\"http:\/\/tripadvisor.com\" target=\"_blank\">\n\t\t\t\t\t\t<span class=\"elementor-button-content-wrapper\">\n\t\t\t\t\t\t<span class=\"elementor-button-icon\">\n\t\t\t\t<i aria-hidden=\"true\" class=\"fab fa-tripadvisor\"><\/i>\t\t\t<\/span>\n\t\t\t\t\t\t\t\t\t<span class=\"elementor-button-text\">Del din mening<\/span>\n\t\t\t\t\t<\/span>\n\t\t\t\t\t<\/a>\n\t\t\t\t<\/div>\n\t\t\t\t\t\t\t\t<\/div>\n\t\t\t\t<\/div>\n\t\t\t\t\t<\/div>\n\t\t<\/div>\n\t\t\t\t\t<\/div>\n\t\t<\/section>\n\t\t\t\t<\/div>\n\t\t","protected":false},"excerpt":{"rendered":"<p>Menukort F\u00f8lg os p\u00e5 facebook F\u00f8lg os p\u00e5 Instagram Del din mening Del din mening<\/p>\n","protected":false},"author":1,"featured_media":0,"parent":0,"menu_order":0,"comment_status":"closed","ping_status":"closed","template":"elementor_canvas","meta":{"footnotes":""},"class_list":["post-35","page","type-page","status-publish","hentry"],"yoast_head":"<!-- This site is optimized with the Yoast SEO plugin v27.2 - https:\/\/yoast.com\/product\/yoast-seo-wordpress\/ -->\n<title>Forside - Restaurant demo menu<\/title>\n<meta name=\"robots\" content=\"noindex, follow, max-snippet:-1, max-image-preview:large, max-video-preview:-1\" \/>\n<meta property=\"og:locale\" content=\"da_DK\" \/>\n<meta property=\"og:type\" content=\"article\" \/>\n<meta property=\"og:title\" content=\"Forside - Restaurant demo menu\" \/>\n<meta property=\"og:description\" content=\"Menukort F\u00f8lg os p\u00e5 facebook F\u00f8lg os p\u00e5 Instagram Del din mening Del din mening\" \/>\n<meta property=\"og:url\" content=\"https:\/\/qr-menu.dk\/demo-menu\/\" \/>\n<meta property=\"og:site_name\" content=\"Restaurant demo menu\" \/>\n<meta property=\"article:modified_time\" content=\"2025-01-22T13:03:03+00:00\" \/>\n<meta property=\"og:image\" content=\"https:\/\/qr-menu.dk\/demo-menu\/wp-content\/uploads\/sites\/3\/2024\/11\/qr-menu-demo-restaurant-logo.webp\" \/>\n\t<meta property=\"og:image:width\" content=\"500\" \/>\n\t<meta property=\"og:image:height\" content=\"500\" \/>\n\t<meta property=\"og:image:type\" content=\"image\/webp\" \/>\n<meta name=\"twitter:card\" content=\"summary_large_image\" \/>\n<meta name=\"twitter:label1\" content=\"Estimeret l\u00e6setid\" \/>\n\t<meta name=\"twitter:data1\" content=\"1 minut\" \/>\n<script type=\"application\/ld+json\" class=\"yoast-schema-graph\">{\"@context\":\"https:\/\/schema.org\",\"@graph\":[{\"@type\":\"WebPage\",\"@id\":\"https:\/\/qr-menu.dk\/demo-menu\/\",\"url\":\"https:\/\/qr-menu.dk\/demo-menu\/\",\"name\":\"Forside - Restaurant demo menu\",\"isPartOf\":{\"@id\":\"https:\/\/qr-menu.dk\/demo-menu\/#website\"},\"primaryImageOfPage\":{\"@id\":\"https:\/\/qr-menu.dk\/demo-menu\/#primaryimage\"},\"image\":{\"@id\":\"https:\/\/qr-menu.dk\/demo-menu\/#primaryimage\"},\"thumbnailUrl\":\"https:\/\/qr-menu.dk\/demo-menu\/wp-content\/uploads\/sites\/3\/2024\/11\/qr-menu-demo-restaurant-logo.webp\",\"datePublished\":\"2022-03-19T19:52:18+00:00\",\"dateModified\":\"2025-01-22T13:03:03+00:00\",\"breadcrumb\":{\"@id\":\"https:\/\/qr-menu.dk\/demo-menu\/#breadcrumb\"},\"inLanguage\":\"da-DK\",\"potentialAction\":[{\"@type\":\"ReadAction\",\"target\":[\"https:\/\/qr-menu.dk\/demo-menu\/\"]}]},{\"@type\":\"ImageObject\",\"inLanguage\":\"da-DK\",\"@id\":\"https:\/\/qr-menu.dk\/demo-menu\/#primaryimage\",\"url\":\"https:\/\/qr-menu.dk\/demo-menu\/wp-content\/uploads\/sites\/3\/2024\/11\/qr-menu-demo-restaurant-logo.webp\",\"contentUrl\":\"https:\/\/qr-menu.dk\/demo-menu\/wp-content\/uploads\/sites\/3\/2024\/11\/qr-menu-demo-restaurant-logo.webp\",\"width\":500,\"height\":500},{\"@type\":\"BreadcrumbList\",\"@id\":\"https:\/\/qr-menu.dk\/demo-menu\/#breadcrumb\",\"itemListElement\":[{\"@type\":\"ListItem\",\"position\":1,\"name\":\"Hjem\",\"item\":\"https:\/\/qr-menu.dk\/demo-menu\/\"},{\"@type\":\"ListItem\",\"position\":2,\"name\":\"Forside\"}]},{\"@type\":\"WebSite\",\"@id\":\"https:\/\/qr-menu.dk\/demo-menu\/#website\",\"url\":\"https:\/\/qr-menu.dk\/demo-menu\/\",\"name\":\"Restaurant demo menu\",\"description\":\"\",\"publisher\":{\"@id\":\"https:\/\/qr-menu.dk\/demo-menu\/#organization\"},\"potentialAction\":[{\"@type\":\"SearchAction\",\"target\":{\"@type\":\"EntryPoint\",\"urlTemplate\":\"https:\/\/qr-menu.dk\/demo-menu\/?s={search_term_string}\"},\"query-input\":{\"@type\":\"PropertyValueSpecification\",\"valueRequired\":true,\"valueName\":\"search_term_string\"}}],\"inLanguage\":\"da-DK\"},{\"@type\":\"Organization\",\"@id\":\"https:\/\/qr-menu.dk\/demo-menu\/#organization\",\"name\":\"Restaurant demo menu\",\"url\":\"https:\/\/qr-menu.dk\/demo-menu\/\",\"logo\":{\"@type\":\"ImageObject\",\"inLanguage\":\"da-DK\",\"@id\":\"https:\/\/qr-menu.dk\/demo-menu\/#\/schema\/logo\/image\/\",\"url\":\"https:\/\/qr-menu.dk\/demo-menu\/wp-content\/uploads\/sites\/3\/2024\/11\/qr-menu-demo-restaurant-logo.webp\",\"contentUrl\":\"https:\/\/qr-menu.dk\/demo-menu\/wp-content\/uploads\/sites\/3\/2024\/11\/qr-menu-demo-restaurant-logo.webp\",\"width\":500,\"height\":500,\"caption\":\"Restaurant demo menu\"},\"image\":{\"@id\":\"https:\/\/qr-menu.dk\/demo-menu\/#\/schema\/logo\/image\/\"}}]}<\/script>\n<!-- \/ Yoast SEO plugin. -->","yoast_head_json":{"title":"Forside - Restaurant demo menu","robots":{"index":"noindex","follow":"follow","max-snippet":"max-snippet:-1","max-image-preview":"max-image-preview:large","max-video-preview":"max-video-preview:-1"},"og_locale":"da_DK","og_type":"article","og_title":"Forside - Restaurant demo menu","og_description":"Menukort F\u00f8lg os p\u00e5 facebook F\u00f8lg os p\u00e5 Instagram Del din mening Del din mening","og_url":"https:\/\/qr-menu.dk\/demo-menu\/","og_site_name":"Restaurant demo menu","article_modified_time":"2025-01-22T13:03:03+00:00","og_image":[{"width":500,"height":500,"url":"https:\/\/qr-menu.dk\/demo-menu\/wp-content\/uploads\/sites\/3\/2024\/11\/qr-menu-demo-restaurant-logo.webp","type":"image\/webp"}],"twitter_card":"summary_large_image","twitter_misc":{"Estimeret l\u00e6setid":"1 minut"},"schema":{"@context":"https:\/\/schema.org","@graph":[{"@type":"WebPage","@id":"https:\/\/qr-menu.dk\/demo-menu\/","url":"https:\/\/qr-menu.dk\/demo-menu\/","name":"Forside - Restaurant demo menu","isPartOf":{"@id":"https:\/\/qr-menu.dk\/demo-menu\/#website"},"primaryImageOfPage":{"@id":"https:\/\/qr-menu.dk\/demo-menu\/#primaryimage"},"image":{"@id":"https:\/\/qr-menu.dk\/demo-menu\/#primaryimage"},"thumbnailUrl":"https:\/\/qr-menu.dk\/demo-menu\/wp-content\/uploads\/sites\/3\/2024\/11\/qr-menu-demo-restaurant-logo.webp","datePublished":"2022-03-19T19:52:18+00:00","dateModified":"2025-01-22T13:03:03+00:00","breadcrumb":{"@id":"https:\/\/qr-menu.dk\/demo-menu\/#breadcrumb"},"inLanguage":"da-DK","potentialAction":[{"@type":"ReadAction","target":["https:\/\/qr-menu.dk\/demo-menu\/"]}]},{"@type":"ImageObject","inLanguage":"da-DK","@id":"https:\/\/qr-menu.dk\/demo-menu\/#primaryimage","url":"https:\/\/qr-menu.dk\/demo-menu\/wp-content\/uploads\/sites\/3\/2024\/11\/qr-menu-demo-restaurant-logo.webp","contentUrl":"https:\/\/qr-menu.dk\/demo-menu\/wp-content\/uploads\/sites\/3\/2024\/11\/qr-menu-demo-restaurant-logo.webp","width":500,"height":500},{"@type":"BreadcrumbList","@id":"https:\/\/qr-menu.dk\/demo-menu\/#breadcrumb","itemListElement":[{"@type":"ListItem","position":1,"name":"Hjem","item":"https:\/\/qr-menu.dk\/demo-menu\/"},{"@type":"ListItem","position":2,"name":"Forside"}]},{"@type":"WebSite","@id":"https:\/\/qr-menu.dk\/demo-menu\/#website","url":"https:\/\/qr-menu.dk\/demo-menu\/","name":"Restaurant demo menu","description":"","publisher":{"@id":"https:\/\/qr-menu.dk\/demo-menu\/#organization"},"potentialAction":[{"@type":"SearchAction","target":{"@type":"EntryPoint","urlTemplate":"https:\/\/qr-menu.dk\/demo-menu\/?s={search_term_string}"},"query-input":{"@type":"PropertyValueSpecification","valueRequired":true,"valueName":"search_term_string"}}],"inLanguage":"da-DK"},{"@type":"Organization","@id":"https:\/\/qr-menu.dk\/demo-menu\/#organization","name":"Restaurant demo menu","url":"https:\/\/qr-menu.dk\/demo-menu\/","logo":{"@type":"ImageObject","inLanguage":"da-DK","@id":"https:\/\/qr-menu.dk\/demo-menu\/#\/schema\/logo\/image\/","url":"https:\/\/qr-menu.dk\/demo-menu\/wp-content\/uploads\/sites\/3\/2024\/11\/qr-menu-demo-restaurant-logo.webp","contentUrl":"https:\/\/qr-menu.dk\/demo-menu\/wp-content\/uploads\/sites\/3\/2024\/11\/qr-menu-demo-restaurant-logo.webp","width":500,"height":500,"caption":"Restaurant demo menu"},"image":{"@id":"https:\/\/qr-menu.dk\/demo-menu\/#\/schema\/logo\/image\/"}}]}},"_links":{"self":[{"href":"https:\/\/qr-menu.dk\/demo-menu\/wp-json\/wp\/v2\/pages\/35","targetHints":{"allow":["GET"]}}],"collection":[{"href":"https:\/\/qr-menu.dk\/demo-menu\/wp-json\/wp\/v2\/pages"}],"about":[{"href":"https:\/\/qr-menu.dk\/demo-menu\/wp-json\/wp\/v2\/types\/page"}],"author":[{"embeddable":true,"href":"https:\/\/qr-menu.dk\/demo-menu\/wp-json\/wp\/v2\/users\/1"}],"replies":[{"embeddable":true,"href":"https:\/\/qr-menu.dk\/demo-menu\/wp-json\/wp\/v2\/comments?post=35"}],"version-history":[{"count":236,"href":"https:\/\/qr-menu.dk\/demo-menu\/wp-json\/wp\/v2\/pages\/35\/revisions"}],"predecessor-version":[{"id":1221,"href":"https:\/\/qr-menu.dk\/demo-menu\/wp-json\/wp\/v2\/pages\/35\/revisions\/1221"}],"wp:attachment":[{"href":"https:\/\/qr-menu.dk\/demo-menu\/wp-json\/wp\/v2\/media?parent=35"}],"curies":[{"name":"wp","href":"https:\/\/api.w.org\/{rel}","templated":true}]}}